f n and i.
24
Suppose k + 2*k - 27 = 0. Let g be 0 - (-56 + 0 + -3). Suppose -p - 2*z = -g - 42, 3*z = -2*p + 201. Calculate the greatest common factor of p and k.
9
Suppose -8 = 2*o - 36. What is the greatest common divisor of o and 7?
7
Suppose 0 = -3*h + f + 29, 0 = 3*f + 5 + 1. Let o = -1 + h. What is the highest common divisor of 2 and o?
2
Let z be ((-8)/12)/((-1)/(-36)). Suppose 1 = -2*p - 4*c + 3, p + 4 = 3*c. Let u be -7*p/((-7)/z). What is the highest common divisor of 60 and u?
12
Suppose -b = 3*r - 1, -r - 3*r + 16 = 5*b. Suppose -w - 3*i = -0*w - 18, -5*w = -i - 42. Let j = -5 + w. What is the greatest common factor of j and b?
4
Suppose -2*f = 22 - 68. Suppose -v + 2*h + h = -f, 31 = 2*v - 3*h. What is the greatest common factor of v and 20?
4
Suppose 43 = 4*j + 11. Let o be (-40)/(-6)*(-12)/(-10). What is the greatest common factor of j and o?
8
Suppose -34 = -a - 9. Let z(j) be the first derivative of j**2/2 + j + 1. Let g be z(4). What is the greatest common factor of g and a?
5
Let g = 10 - 7. Suppose 700 = 5*z - 4*w, 4*z - 5*w - 566 = -g*w. Let d = -78 + z. What is the highest common factor of 6 and d?
6
Suppose -9*p = -153 - 819. Calculate the greatest common factor of p and 27.
27
Let i(b) = b - 1. Let x be i(7). Let q be ((-4)/x)/((-10)/630). What is the greatest common divisor of q and 105?
21
Let d = -119 - -171. Suppose d = -2*p + 6*p. Calculate the greatest common divisor of p and 117.
13
Let i(l) be the second derivative of l**5/10 - l**4/4 + l**3/3 - l**2 - 10*l. Let b be i(2). Calculate the highest common divisor of 15 and b.
3
Let t be (-3)/9 + (-13)/(-3). Let i = 41 - 29. What is the greatest common factor of t and i?
4
Suppose -12 = -2*h + 4*i + 4, -h + i = -11. Calculate the highest common divisor of h and 28.
14
Suppose 3*n - n - 28 = 0. Suppose 3*b - 645 = 5*i, 146 = -i + b + 3*b. Let h = -56 - i. What is the highest common factor of n and h?
14
Let o = 21 - 9. Calculate the greatest common divisor of 24 and o.
12
Let a be 8/3*(-3)/(-2). Suppose -16 = h + 4*m - 48, 0 = a*m. Let o be 1/(-3) + (-26)/(-6). Calculate the greatest common divisor of h and o.
4
Let n(f) = 2*f + 2. Let s be n(-5). Let j(c) = c**3 + 9*c**2 + 8*c + 9. Let r be j(s). Calculate the greatest common factor of r and 36.
9
Suppose 0 = -2*a - 14 - 0. Let c = 6 + a. Let o = 7 - c. Calculate the highest common factor of o and 8.
8
Suppose 3*l = -l + 28. Let j be 22/(-4)*(-14)/l. Calculate the highest common factor of j and 11.
11
Suppose 0*u - u + 2*w = -32, 5*u + 2*w - 148 = 0. Let k = u + -51. Let g = k - -29. What is the highest common divisor of g and 56?
8
Suppose 2*p = -5*t - p + 66, 42 = 3*t + p. Let h = -9 + 15. Let d(u) = 2*u - 9. Let x be d(h). Calculate the highest common factor of t and x.
3
Let n = 15 - -70. Calculate the greatest common divisor of n and 17.
17
Let q(g) = 3*g + 14. Let j be q(6). What is the greatest common factor of j and 8?
8
Let j(r) = -r - 1. Let a be j(-10). Let w be 2/(4/90*1). What is the highest common divisor of w and a?
9
Let w(x) = -x**3 + 8*x**2 - 7*x + 6. Let h be w(4). Calculate the greatest common factor of h and 210.
42
Let l be 0*1*3/(-6). Let n = 3 - l. Calculate the highest common factor of n and 24.
3
Let u(g) = 10 + 9*g**3 - g - 8*g**3 + 9*g**2 + 2*g. Let v be u(-9). Let z be 8 - (v + -1 + 2). Calculate the greatest common divisor of z and 42.
6
Let k(m) = 74*m**2 - m + 1. Let d be k(1). Let f = -47 + d. Calculate the greatest common divisor of 9 and f.
9
Let w(j) = -4*j**2 - j + 1. Let h be w(1). Let y be (2 - h/3)*12. Calculate the highest common factor of 4 and y.
4
Suppose -5*z = g - 84, -5*g - z = 2*z - 420. Calculate the greatest common divisor of g and 56.
28
Let w = -61 - -88. What is the greatest common factor of w and 9?
9
Let z = -182 + 217. Let m be (-55)/(-4) + 1/4. What is the greatest common divisor of m and z?
7
Suppose -8 = t - 5*z + 12, 16 = -t + 4*z. Let f(j) = 2 + 7*j - 5 + t. Let y be f(3). Calculate the greatest common divisor of y and 9.
9
Let n be ((-41)/(-2))/(1/12). Suppose 4*z = 5*k - n - 188, -k = 3*z - 102. Let w be (40/14)/((-8)/(-28)). Calculate the greatest common divisor of k and w.
10
Suppose 0 = -33*n + 25*n + 96. Calculate the highest common divisor of 108 and n.
12
Suppose -5*n + 6 = -4. What is the greatest common factor of 10 and n?
2
Let l = 258 - 167. Calculate the highest common factor of 13 and l.
13
Suppose 15 = -5*m - k + 137, -4*k + 8 = 0. Let l be 3/(-3)*3 - 2. Let d be (3/l)/((-2)/10). What is the greatest common divisor of m and d?
3
Let c be 679/28 + (-8)/32. Let w(f) = -f**2 - 7*f - 3. Let i(l) = -l**2 + l. Let j be i(-2). Let g be w(j). What is the highest common factor of g and c?
3
Let h = 244 - 127. What is the greatest common factor of 13 and h?
13
Let k = 61 - 57. What is the highest common factor of 4 and k?
4
Suppose 2*n + 248 = 5*u, 4*n + 254 = 5*u + 8*n. Let b = 2 + 18. What is the highest common factor of u and b?
10
Let w(i) = i + 2. Let u be w(5). Calculate the greatest common divisor of 77 and u.
7
Let n(r) = r + 2. Let t be n(0). Suppose -s + 5*x = x - 20, 0 = 3*s - t*x - 20. Calculate the greatest common divisor of s and 8.
4
Let n be (-1268)/(-20) - (-1 + 28/20). Calculate the greatest common divisor of 18 and n.
9
Let b(g) = g**3 + 8*g**2 + 5*g + 3. Let m be b(-6). Suppose -x + 60 = 3*x. What is the greatest common factor of m and x?
15
Let r be 106/6 - (-2)/6. Let h be (r/8)/(2/128). Calculate the highest common factor of h and 18.
18
Let c = -3 - -7. Let d = c + -3. Let b = 3 + d. Calculate the greatest common factor of b and 4.
4
Let t be 238/6 - 2/3. Let a = 77 - t. What is the highest common divisor of a and 95?
19
Suppose 0 = 2*c - 4*n - 30, 3*c + 5*n = c - 6. Let a = c + -4. Suppose a*w = -w + 20. What is the highest common divisor of 25 and w?
5
Suppose 4*x - x - 6 = 0. Suppose x*w - 145 - 15 = 0. Suppose 0*j - 2*j + 16 = 0. What is the greatest common divisor of j and w?
8
Suppose 3*u - 5 - 1 = 0. Let w(k) = 3*k - 1. Let y be w(u). Let r(g) = 19*g**2 + 3*g - 2. Let s be r(1). What is the greatest common factor of y and s?
5
Let x be 8 + -12 - (-28 + 1). Calculate the highest common factor of x and 253.
23
Let k(d) = d**3 + 6*d**2 + 3*d - 3. Let w be k(-5). Suppose 5*o - 5*x - 172 = 73, -3*x - 98 = -2*o. What is the greatest common divisor of o and w?
7
Let m(r) = r**2 + 16*r - 25. Let i be m(-18). Calculate the greatest common factor of 11 and i.
11
Let l = 17 - -37. What is the highest common divisor of l and 486?
54
Let m(l) = l - 3*l - 1 + l + l**2. Let s be m(-3). What is the highest common divisor of s and 44?
11
Let r = -84 + 192. Let u(c) = -c**2 + 6*c - 6. Let d be u(4). Suppose -j - d*j = -r. Calculate the greatest common divisor of 90 and j.
18
Let a = 40 + -31. Calculate the greatest common factor of 6 and a.
3
Let k be ((-6)/15)/((0 + -3)/285). Calculate the greatest common divisor of 57 and k.
19
Let t be ((-34)/4)/(1/4). Let c = -4 + -2. Let o be t/c - (-8)/(-12). Calculate the greatest common divisor of 1 and o.
1
Suppose 13*d = 8*d + 15. What is the highest common factor of 12 and d?
3
Let m = -75 + 120. Let y = -13 - -18. What is the highest common factor of m and y?
5
Suppose -2*r - 3*p + 144 = -r, -4*p - 158 = -r. Suppose -q + 6*q - r = 0. What is the highest common divisor of 20 and q?
10
Suppose 2*z + 0*h = -h + 290, 5*z + 2*h - 723 = 0. What is the highest common factor of 13 and z?
13
Let i be (-3)/(-6)*220/2. Let p(d) = 12*d - 1. Let z be p(1). What is the highest common divisor of i and z?
11
Let l = -147 + 160. What is the highest common divisor of 130 and l?
13
Suppose -2*i = -i - r + 2, 22 = 4*i + 2*r. Let b(v) = 4*v**2 - 2*v - 1. Let d be b(i). What is the highest common divisor of 261 and d?
29
Suppose 32 - 2 = 3*j. Let k be (-124)/(-6) - j/15. Let f = k - 5. Calculate the greatest common factor of f and 105.
15
Suppose 0 = -4*b + y + 26, 2*y + 3*y + 28 = 3*b. What is the greatest common divisor of 6 and b?
6
Let c(b) = -12*b**3 - 2*b**2 - b + 1. Let z = 5 - 7. Let i be c(z). Calculate the highest common divisor of 13 and i.
13
Let g be (4/(-3))/(4/(-6)). Let a be -2 - 2/g*-9. Suppose 7 + 5 = -4*q, 65 = 2*l - 3*q. What is the greatest common factor of a and l?
7
Suppose 2*y = -4*h + 